-2)*(o/(-3) - -1)?
3
Suppose 4*z + 691 + 9089 = 0. What is the units digit of z/(-75) - (-3)/(-5)?
2
Let x = 2081 + -1200. What is the units digit of x?
1
Let p(b) = -2*b**2 + 31*b - 10. Suppose -2*n - t + 12 = -9, 0 = 4*t + 20. What is the tens digit of p(n)?
5
Suppose 0 = 5*d - s - 3991, 3*d - 10*s + 12*s - 2392 = 0. What is the hundreds digit of d?
7
Let j(q) = 3*q + 10. Suppose 0 = 2*a + 5*y - y + 4, -a - 8 = -y. Let m = 13 + a. What is the units digit of j(m)?
1
Let a(k) = 3*k**3 - 4*k**2 - k + 5. Let b be a(3). Let d = -16 + b. What is the units digit of d?
1
Let r(x) = -136*x - 613. What is the hundreds digit of r(-43)?
2
Let q(s) = 3*s**2 + 24*s + 8. Suppose 22 = -3*y - 2*l, 0*l = -l + 4. What is the units digit of q(y)?
8
Suppose 4*j - 12 = 52. Suppose -j*o + 67 = -15*o. What is the tens digit of o?
6
Let r = -494 - -947. What is the units digit of r?
3
Suppose -978 = -n + t, -7*n + 4*n + t + 2928 = 0. What is the hundreds digit of n?
9
Let r = 10 - 4. Let p(o) = -91*o + 77. Let m(n) = 7*n - 6. Let l(q) = r*p(q) + 77*m(q). What is the units digit of l(-1)?
7
Suppose -2*p + 427 = h + 65, p = -5*h + 1801. What is the units digit of h?
0
Let g(k) = k + 6. Let f be g(-8). Let w = f + 64. What is the units digit of w?
2
What is the tens digit of (-71 - -56)/(2/(-226))?
9
What is the hundreds digit of (5 - 280/16)*(-56)/1?
7
What is the hundreds digit of (1 + 24)/(2/62)?
7
Let l = -6 + 14. Suppose -13*m - l = -15*m. Suppose -16 = 3*q + 4*f - 101, 3*q - m*f = 125. What is the units digit of q?
5
Let y(r) = 423*r**2 - 6*r - 2. What is the tens digit of y(-1)?
2
Let w(n) = -n**2 - 4*n + 15. Let f be w(-6). Suppose f*l = 20 + 10. What is the tens digit of l?
1
Let c(p) be the third derivative of p**7/1008 - p**6/60 + p**5/30 - 3*p**2. Let g(d) be the third derivative of c(d). What is the units digit of g(8)?
8
Suppose -110 - 98 = 2*b. Let k = 79 - b. What is the tens digit of k?
8
Let z(b) = 3*b**2 - b - 37. What is the tens digit of z(-6)?
7
Let n(y) = 5*y**3 + y**2 - 2*y + 1. Let b = -13 - -32. Suppose 4*o + 5*k = b, -5*k = -3*k - 6. What is the units digit of n(o)?
5
Let h(c) = 67*c**2 - 22*c + 143. What is the hundreds digit of h(5)?
7
Let m(c) = c**3 - c**2 - c + 2. Let s be m(0). Let a(h) = -3 + h**2 + h**s + 16*h + 3*h**2 - 12*h. What is the tens digit of a(2)?
2
Let d(n) = -6*n**3 - n**2 + 1. Let x be d(1). Let w be (-33)/x + 3/(-6). What is the tens digit of (w - 3) + 1 + 7?
1
Suppose 0 = -3*q - 3*d - 12, 4*q + q = 3*d - 60. Let i(c) = c**3 + 10*c**2 - 5*c - 19. What is the hundreds digit of i(q)?
1
Suppose -8*c + 11*c + 5*a = 138, -4*c - 4*a = -176. What is the tens digit of c?
4
Let v(b) = 2*b**2 - 2*b + 6. Let w be v(11). Suppose -2*a = -4*y + w, -4*a + a = -4*y + 229. What is the tens digit of y?
5
Suppose 2*o - 2*x - 1350 = 0, 4*x = -0*o - 4*o + 2716. What is the units digit of o?
7
Suppose 4*v + 33 = 1. Let z(y) = 12*y + 116. Let m be z(-9). Let x = m - v. What is the units digit of x?
6
Suppose 0 = 5*b - 5*g - 29 - 1, 0 = b - 4*g. Suppose 0 = -b*f + 4*f. Suppose 25 = -5*k, f = 3*x - x + 5*k - 29. What is the tens digit of x?
2
Let s = -159 - -87. Let v = s - -117. Let m = -22 + v. What is the units digit of m?
3
Suppose -2*t + 6 = 0, l + 2*l + 4*t = 12. Suppose l*f = f - i - 54, -3*f + 186 = 3*i. What is the tens digit of f?
5
Let w = -16 - -19. Suppose w*r - 5*a = -0*r + 118, 8 = 2*a. What is the tens digit of r?
4
Suppose -1527 = -3*y + 5*h, -4*y + 1250 + 791 = -5*h. Suppose 49*l - 51*l = -y. What is the tens digit of l?
5
Let n = -19 - -24. Let t = 31 + n. What is the tens digit of t?
3
Let l(j) = j**3 - 8*j**2 + 10*j - 9. Suppose 0 = -4*y + 4*t + 40, -51 = -5*y - 4*t + 35. Let g = 21 - y. What is the tens digit of l(g)?
1
Let s = -132 + 139. Suppose 0 = 4*o + 3*w + 174, -197 + 67 = 3*o + 2*w. What is the units digit of o/(-9)*90/s?
0
Suppose 13*d - 3125 = 8*d. Let o = -406 + d. What is the units digit of o?
9
Suppose -140 = a + 5*l, 4*l + 387 = -a - 2*a. Let f = a + 314. What is the units digit of f?
9
Let m = -265 + 603. What is the tens digit of m?
3
Let p(d) = d**3 + 13*d**2 - 3*d - 4. Suppose -n - x + 0*x - 8 = 0, 5*x - 12 = -n. What is the units digit of p(n)?
5
Let h be -1*(-92 - (-2 + 5)). Let c = h + -5. What is the tens digit of c?
9
Let m = 1380 + -720. What is the hundreds digit of m?
6
Suppose 49 = 542*y - 541*y. What is the units digit of y?
9
Let t(w) = -5*w + 4*w + 6*w - 4*w - 5. Let l be t(10). Suppose -2*u - 4*p = -l*u + 141, -141 = -3*u - 4*p. What is the units digit of u?
7
Suppose -10*j = -6*j - 3*f - 8232, -f = 0. What is the hundreds digit of j?
0
Let c be (-3)/(-6)*(5 - 95). Suppose 288 - 11 = -4*v - f, 143 = -2*v + f. Let p = c - v. What is the units digit of p?
5
Let s be (-2)/3 - (-4)/6. Suppose -4*z - 67 + 7 = s. What is the tens digit of (-38)/(-3) + (-5)/z?
1
Let f = -13 - -319. What is the tens digit of f?
0
What is the hundreds digit of (-1 + -966 + 2)/(-1)?
9
Let u = -891 - -580. Let l = u + 441. What is the tens digit of l?
3
Let z be -2 + -1 + 3 + 3. Suppose r - 5*g = 33, -4*r - z*g + 81 = -6*g. Let k = r + -4. What is the tens digit of k?
1
Let w(y) = -19*y - 1. Let o be w(5). What is the tens digit of (38/4)/((-16)/o)?
5
Suppose -i = 3*q - 5 + 4, 0 = -2*i + 5*q + 24. Let a(t) = -t**3 + 13*t**2 - 15*t - 11. What is the units digit of a(i)?
8
Suppose 20 = 36*q - 31*q. Suppose q*u - 4*k = 292, 0 = -7*u + 3*u - 3*k + 313. What is the units digit of u?
6
Let a(x) = x**3 - 6*x**2 + 4*x + 3. Let z be a(7). Let g = -35 + z. What is the units digit of g?
5
Let x(b) = -2*b**3 - 2*b**2 + 4*b + 1. Suppose -v + 3*z + 12 - 3 = 0, -5*v = z + 19. Let s be x(v). Let n = -11 + s. What is the units digit of n?
4
Let g(l) be the third derivative of l**7/5040 + l**6/48 + 2*l**5/15 - l**2. Let r(m) be the third derivative of g(m). What is the tens digit of r(12)?
2
Let q = -33 - -38. Suppose -q*g = t + 16, 0*g = 3*t - g - 32. What is the units digit of t?
9
Let w(n) = n**3 - n**2 + 9*n + 1120. What is the tens digit of w(0)?
2
Suppose -8*a - 2*f + 22 = -4*a, 3*a + 2*f = 15. Let c = a - -7. What is the units digit of c?
4
Suppose 2*p = r + 6, 5*p = -5*r + 3*r + 15. Suppose p*d - 3 = 6. Suppose 0 = d*o + 4 - 40. What is the units digit of o?
2
Let d(a) = 60*a - 1. Let k be d(-2). Let c be (-7161)/k - (-2)/(-11). Let z = c - 32. What is the units digit of z?
7
Let d be ((-1)/1)/((-2)/436). Suppose -l = s - 103, 5*l - 3*s - 337 = d. Suppose 5*c = 3*o + l, c + 2*o - 128 = -4*c. What is the units digit of c?
4
Let h(n) = -12*n. Let z(d) be the first derivative of d**4/4 - 14*d**3/3 - 2*d - 5. Let p be z(14). What is the tens digit of h(p)?
2
Let k(w) = w**2 + 5*w + 9. Let l = -59 + 68. What is the hundreds digit of k(l)?
1
Let u = 1615 - 169. What is the thousands digit of u?
1
Let b(o) = 46*o**3 - 4*o + 11. What is the hundreds digit of b(2)?
3
What is the tens digit of 341 + 5 - (1 + 4)?
4
Suppose 5*j = 2*a + 12, -2*j - 3*a - a + 24 = 0. Suppose -j*x - x + 905 = 0. What is the tens digit of x?
8
Suppose 0 = -f + 78 + 5. Suppose 0 = -3*m + 15, -5*y + f = -3*m - 27. What is the tens digit of y?
2
Suppose 0*i = -4*i + 3*p + 15, 2*p + 10 = 5*i. Suppose -6*o + 116 + 100 = i. What is the tens digit of o?
3
Let p(y) = 2*y + 6. Let i be p(1). What is the tens digit of 6/8 - (-330)/i?
4
Let m be 112/(-32)*58*2/(-1). Let n = m + -150. What is the hundreds digit of n?
2
Suppose -2*q + 79 = p + 2*p, 5*p + 4*q - 133 = 0. Let g(t) = -3 + 4 + p*t - 78*t. What is the units digit of g(-1)?
4
Suppose 4 = 2*i + 5*f, -4*i - 28 = 2*f - f. Let w(x) = -4*x. Let s be w(i). Suppose k - s = -k. What is the tens digit of k?
1
What is the units digit of (-3)/8 + 465*(-16)/(-384)?
9
Let l = -4 - 8. Let f = l + 17. Suppose -5*k + 33 = -5*g - 7, -2*k + 7 = -f*g. What is the units digit of k?
1
Let r(n) = 18*n - 3. Let l(k) = k. Let u(m) = 2*l(m) - r(m). What is the units digit of u(-2)?
5
Let c(b) = 3*b**2 - 21*b - 86. What is the units digit of c(-15)?
4
Let s(f) = f - 4. Let z be s(6). Suppose -5*c = -z*c + 15. Let x(w) = -15*w - 17. What is the units digit of x(c)?
8
What is the tens digit of (-364199)/(-77) + 48/(-56)?
2
Let z = -5 + 0. Let g = -2 - z. Suppose 0 = g*v - 4*t - 114, 5*v - 3*t = 3*v + 77. What is the tens digit of v?
3
Let